- 15*s**2 + s. Let h(d) = -4*o(d) - 11*w(d). Suppose 0*p + 6 = 3*b + 3*p, 4*p + 16 = 4*b. Determine h(b).
6
Let g(z) be the second derivative of -19*z**3/6 + 2*z - 2. Give g(-1).
19
Let i be (-20)/15*(3 + 0). Let g(p) = -p**2 - 4*p + 2. Let h be g(i). Let z(x) be the third derivative of -x**6/60 + x**5/30 + x**3/3 + x**2. Give z(h).
-6
Let d be ((-3)/(-12) + 2/24)*-21. Let q(o) = o**3 + 7*o**2 - 2. What is q(d)?
-2
Let j be 26 - (-3 - -1) - 0. Suppose 4*w + j = -3*u - w, 0 = -3*u + 5*w + 22. Let a be u*4 - (-5 + 4). Let d(z) = -z**3 - 4*z**2 - 4*z - 3. Determine d(a).
0
Let w(v) = -v**2 + 8*v - 5. Let x = 7 + -7. Suppose 5*h = -x*h + 35. Give w(h).
2
Let w(s) = s**2. Let n(r) = -r**3 - 7*r**2 + 6. Let g be 6/(-8) + (-14)/(-8). Let d(i) = g*n(i) + 2*w(i). What is d(-5)?
6
Let i(z) = z**2 + 7*z + 6. Let b(t) = -t - 4. Let y be b(2). Give i(y).
0
Let f(v) = 5*v**3 - 4*v**2 + 2*v - 8. Let l(d) = -11*d**3 + 8*d**2 - 4*d + 17. Let c(g) = 13*f(g) + 6*l(g). Calculate c(-4).
-10
Let j(r) = 0*r**2 - r**2 + 2*r + 7 - 8. What is j(1)?
0
Suppose -3*g + 1 = -8. Suppose n - 6*n + 8 = -4*u, 0 = 2*n + g*u + 6. Let j(k) = -k**2 - k + 3. Give j(n).
3
Let q(k) = -2*k**3 - 2*k**2 + 1. Suppose -b - 2 = -3*b. Calculate q(b).
-3
Let q(d) be the first derivative of 3*d**2/2 - 8*d + 49. Give q(6).
10
Let u(b) = -b**3 + 2*b**2 + 3*b + 3. Let w be u(3). Suppose 4*n = w*n + 4. Let y(a) = -a**3 + 5*a**2 - 3*a + 1. Calculate y(n).
5
Let b(j) = j + 1. Let a(f) = -11*f - 9. Let x(r) = -a(r) - 6*b(r). Let u be 2/(-4) - (-18)/(-12) - 1. What is x(u)?
-12
Let g(w) be the third derivative of 1/60*w**5 + 0*w - 2*w**2 - 7/24*w**4 + 0 + w**3. Determine g(6).
0
Let u(s) = -s**2 - 6*s - 7. Let t be 5*-2*3/5. Calculate u(t).
-7
Let k be 0*(2/(-3) + 1). Let j(g) = -g**2 + 5. Calculate j(k).
5
Suppose 4*o + 2*p - 24 + 10 = 0, 2 = 2*p. Let b(r) = r**2 - r + 1. Determine b(o).
7
Let a be 2*4*18/24. Let c(b) be the first derivative of b**4/12 - 7*b**3/6 + 9*b**2/2 + b - 1. Let m(j) be the first derivative of c(j). Determine m(a).
3
Let b(d) = -d**3 + 5*d**2 - d - 5. Let c = -1 + 5. What is b(c)?
7
Suppose 0*x + 28 = 7*x. Let d(o) = -3*o. Calculate d(x).
-12
Let n(b) = b**3 + 10*b**2 - 11*b + 6. Let h be n(-11). Let t(o) = 4*o**2 - 2 + 2 + h*o - 5*o. Give t(1).
5
Let t(k) = 5*k**3 + 7*k**2 + 11*k - 2. Let h(b) = b**3 + b**2 + b. Let r be 2/(-4)*4/(-2). Let c(o) = r*t(o) - 6*h(o). Let x = 204 - 201. Determine c(x).
-5
Let x(s) = s**3 - 8*s**2 + 3*s + 32. Let p be x(7). Let u(m) = m**3 - 5*m**2 + 4*m - 5. Give u(p).
-5
Let y(m) be the first derivative of m**4/6 + m**3/3 + m**2/2 - 2*m - 5. Let z(h) be the first derivative of y(h). Give z(-3).
13
Let i(b) = -b**2 - b - 1. Let n be 9 - 4 - (0 + 0). Let g(q) = -q + 4. Let c be g(n). Give i(c).
-1
Suppose m = -3*b - b + 19, -3*m = -5*b - 23. Let q = -8 + m. Let n(l) = l**3 - 10 + l**2 + q*l - 3*l + 4*l - 5*l. Determine n(0).
-10
Let c(z) = -2*z - 9. Let s be c(-6). Suppose -3 - s = 3*j. Let h(p) = -6*p - 3. What is h(j)?
9
Let d(o) = o - 8. Let n be d(6). Let b(r) = r - 7. Let h(y) = 2*y - 7. Let g(m) = n*h(m) + 3*b(m). Determine g(0).
-7
Let z be (1/(-1))/(-5 - -6). Let v(a) = 13*a**3 + 6*a**2 - 2*a - 7. Let q(j) = j**3 + j**2 - 1. Let f(m) = -6*q(m) + v(m). Give f(z).
-6
Let j(b) = b**3 + 6*b**2 + 6*b + 1. Let k(s) = s**2 + 2*s + 5. Let t be k(-4). Let l = 6 - t. Let f = -11 - l. Give j(f).
9
Let k(g) be the second derivative of -g**5/20 + g**4/12 - g**3/6 - 5*g**2/2 + 25*g. Determine k(0).
-5
Let g(s) be the first derivative of 5 + s + 1/2*s**2 - 5/3*s**3. What is g(-1)?
-5
Let h(s) be the third derivative of -s**4/24 + 2*s**3/3 - s**2. Let i be ((-6)/4 + 2)*8. Give h(i).
0
Let k(z) be the second derivative of z**3/6 + z**2 + 4*z. Let n(t) = -t**3 + 4*t + 3. Let a(p) = p + 8. Let w be a(-10). Let i be n(w). Determine k(i).
5
Let y(o) = o + 7. Let f(v) = 3. Let h(a) = 5*f(a) - 2*y(a). Give h(-2).
5
Let z(f) be the first derivative of -f**2/2 - 11*f - 35. What is z(0)?
-11
Let j(i) be the third derivative of i**4/24 - i**3/6 - 61*i**2. Calculate j(2).
1
Let j(x) = -x**3 + 11*x**2 + x - 16. Let a be j(11). Let s(g) = 3*g + 3. Give s(a).
-12
Let i = -14 - -20. Let h(t) = 8*t**3 + 32*t**2 - 7*t + 27. Let r(k) = -3*k**3 - 11*k**2 + 2*k - 9. Let l(w) = 4*h(w) + 11*r(w). What is l(i)?
9
Let x(t) = -10*t. Let j(l) = -l**3 - 6*l**2 - l - 5. Let k be j(-6). What is x(k)?
-10
Suppose -3*y - 2*k - 13 = -7*k, y + 4*k = 24. Let t(x) = -5*x**2 + 5 + 2*x**3 - x**3 + y*x**2 - 5*x**2. Give t(6).
5
Let i(t) = t + 6. Let h(d) = d. Let g(c) = -13. Let r(o) = g(o) - 2*h(o). Let f(u) = -5*i(u) - 3*r(u). Calculate f(0).
9
Suppose -10*j = 69 + 31. Let d(s) = -s**3 - 11*s**2 - 8*s + 13. Calculate d(j).
-7
Let y(i) = -2*i**3 + 4*i**2 - 2*i + 4. Let c(g) = 5*g**3 - 11*g**2 + 5*g - 11. Let s = -1 + -2. Let d(p) = s*c(p) - 8*y(p). Calculate d(-2).
-5
Let z be (-6)/21 - (-32)/14. Suppose 4*t - 12 = d, 4*d + 37 = 4*t + 13. Let p(y) = -22 - y + 2*y**t + 22 - 2*y**3. What is p(z)?
-10
Let i(u) = -19*u**2 - 8*u - 7. Let a(k) = k**2 - k - 1. Let g(d) = -6*a(d) + i(d). Calculate g(-1).
-24
Let r(y) = -y**2 - 5*y - 5. Let s = 12 - 16. Determine r(s).
-1
Let b(o) be the first derivative of o**3/3 - 9*o**2/2 + 2*o + 28. Determine b(8).
-6
Let c(j) be the second derivative of j**6/120 - j**5/15 - 7*j**4/24 + 5*j**3/6 - j**2 - 3*j. Let b(m) be the first derivative of c(m). What is b(5)?
-5
Let h(f) = 14*f**2 + 2*f - 1. Let y be h(1). Suppose 0 + y = -5*m. Let g(w) = -39*w + 3 - 41*w + 78*w. Give g(m).
9
Let i(m) be the third derivative of 2*m**2 + 0 + 1/4*m**4 + 0*m - 1/6*m**3 + 1/360*m**6 + 1/30*m**5. Let p(c) be the first derivative of i(c). What is p(-4)?
6
Let d(q) = -q**2 - 5*q. Suppose 4*v - 3*x = -32, 0 = -4*v - 0*v - 5*x. Give d(v).
0
Let o be (2/(-4))/((-2)/(-4)). Let x be 8/4*(o - -2). Let f(b) = x*b**2 + 7 - 4 + 3 - 3*b**2. What is f(0)?
6
Let x(q) be the third derivative of q**7/840 - q**6/180 - q**5/60 - q**4/12 + q**3/2 - q**2. Let s(i) be the first derivative of x(i). What is s(3)?
1
Let n(k) = -k**3 + 5*k**2 - 5*k + 6. Let y be n(4). Let h(f) = -4*f + 1. Give h(y).
-7
Let w(z) be the third derivative of z**5/30 - z**4/12 - z**3/3 + z**2. Suppose -2*u + 19 = -3*v, 39 = 5*u - 0*u + v. Let i be ((-9)/6)/((-6)/u). Determine w(i).
2
Suppose j + 0*j - 3*i = 16, -23 = -2*j + 3*i. Let m(l) = -l**2 + 6*l + 1. Calculate m(j).
-6
Let n(j) = -j**3 - 9*j**2 + 10*j + 1. Let k(d) = d**2 - d. Let s(c) = 4*k(c) + n(c). Let v be 6*((0 - (4 - 0)) + 3). Calculate s(v).
1
Let s be 2 + 1 - 1 - 3. Let f(k) be the second derivative of k**5/10 + k**4/24 + k**2 - 2*k. Let t(b) be the first derivative of f(b). Calculate t(s).
5
Let h(n) = 6*n - 9. Let r(w) = -3*w - w - 5 - 3 + 9*w. Let f(c) = 6*h(c) - 7*r(c). Determine f(6).
8
Let z = -10 + 5. Let v(n) be the first derivative of -2*n - 3 - 1/2*n**2. Determine v(z).
3
Let f(g) = -g**3 - 1 + 0*g**3 - 1 + g**2 + 2*g + g**2. Calculate f(2).
2
Let q(x) = -22*x**2 + 43*x**2 + x**3 + 2*x - 27*x**2 - 3 + x. Calculate q(5).
-13
Let b(q) be the second derivative of -q**4/6 - 5*q**3/6 + 2*q**2 + 3*q. Let c = -10 + 6. Calculate b(c).
-8
Let b(s) = -s**2 + 8*s - 1. Let h = 33 + -46. Let v = -8 - h. What is b(v)?
14
Let c(y) = -y**3 - y + 9. Suppose -t - 2*t = 6. Let l(f) = -2*f - 2. Let h be l(t). Suppose h*k = -0*k. Determine c(k).
9
Let y(v) be the second derivative of 3*v + 0 + 0*v**2 + 1/12*v**4 - 2/3*v**3. Give y(3).
-3
Suppose -q - 10 = -4*w, 0 = -0*q - 2*q - w - 11. Let r(g) = -g - 5. Determine r(q).
1
Let s(z) be the second derivative of -z**8/6720 - z**7/504 + z**5/20 + z**4/4 - 4*z. Let u(y) be the third derivative of s(y). Calculate u(-5).
6
Suppose 3*d - 4*y = -20, 3*d + 4*y + 0*y - 20 = 0. Let r(k) = k - 6. Determine r(d).
-6
Let s(w) = -17*w + 2 - 18*w + 36*w. Determine s(-6).
-4
Let w be (-3)/(3 - 0/(-1)). Let b(z) = 7*z**2 + z + 1. Give b(w).
7
Let g = 22 - 17. Let y(v) = -v**2 + 5*v + 4. Calculate y(g).
4
Suppose -h + 4 = -0. Let r(u) = -2 + 4*u - 3*u - h*u**3 + u**3 + 4*u**3. Determine r(2).
8
Let o = -9 + 5. Let r(i) be the third derivative of -i**5/60 - i**4/6 + 4*i**2. What is r(o)?
0
Let c(a) be the third derivative of 1/24*a**4 - 1/3*a**3 + 0 + 0*a + 2*a**2. Let l be (-3)/(-4) + 26/8. Calculate c(l).
2
Suppose 2*x = -4, -b - 1 = -5*